{"id":151,"date":"2026-04-28T15:05:50","date_gmt":"2026-04-28T15:05:50","guid":{"rendered":"https:\/\/amimi-malak.mmigrenoble-dev.fr\/?page_id=151"},"modified":"2026-04-30T06:26:40","modified_gmt":"2026-04-30T06:26:40","slug":"montage-documentaire","status":"publish","type":"page","link":"https:\/\/amimi-malak.mmigrenoble-dev.fr\/?page_id=151","title":{"rendered":"Montage documentaire"},"content":{"rendered":"\t\t<div data-elementor-type=\"wp-page\" data-elementor-id=\"151\" class=\"elementor elementor-151\">\n\t\t\t\t<div class=\"elementor-element elementor-element-81073a1 e-flex e-con-boxed e-con e-parent\" data-id=\"81073a1\" data-element_type=\"container\" data-e-type=\"container\">\n\t\t\t\t\t<div class=\"e-con-inner\">\n\t\t\t\t<div class=\"elementor-element elementor-element-0a12c0c elementor-widget elementor-widget-heading\" data-id=\"0a12c0c\" data-element_type=\"widget\" data-e-type=\"widget\" data-widget_type=\"heading.default\">\n\t\t\t\t\t<h2 class=\"elementor-heading-title elementor-size-default\">Montage Documentaire<\/h2>\t\t\t\t<\/div>\n\t\t\t\t<div class=\"elementor-element elementor-element-7b70139 elementor-widget elementor-widget-text-editor\" data-id=\"7b70139\" data-element_type=\"widget\" data-e-type=\"widget\" data-widget_type=\"text-editor.default\">\n\t\t\t\t\t\t\t\t\t<p>Vid\u00e9o \u00b7 Montage \u00b7 Documentaire<\/p>\t\t\t\t\t\t\t\t<\/div>\n\t\t\t\t<div class=\"elementor-element elementor-element-91a5542 elementor-widget elementor-widget-image\" data-id=\"91a5542\" data-element_type=\"widget\" data-e-type=\"widget\" data-widget_type=\"image.default\">\n\t\t\t\t\t\t\t\t\t\t\t\t\t\t\t<img fetchpriority=\"high\" decoding=\"async\" width=\"800\" height=\"450\" src=\"https:\/\/amimi-malak.mmigrenoble-dev.fr\/wp-content\/uploads\/2026\/04\/WhatsApp-Image-2026-04-29-at-23.36.36-1024x576.jpeg\" class=\"attachment-large size-large wp-image-223\" alt=\"\" srcset=\"https:\/\/amimi-malak.mmigrenoble-dev.fr\/wp-content\/uploads\/2026\/04\/WhatsApp-Image-2026-04-29-at-23.36.36-1024x576.jpeg 1024w, https:\/\/amimi-malak.mmigrenoble-dev.fr\/wp-content\/uploads\/2026\/04\/WhatsApp-Image-2026-04-29-at-23.36.36-300x169.jpeg 300w, https:\/\/amimi-malak.mmigrenoble-dev.fr\/wp-content\/uploads\/2026\/04\/WhatsApp-Image-2026-04-29-at-23.36.36-768x432.jpeg 768w, https:\/\/amimi-malak.mmigrenoble-dev.fr\/wp-content\/uploads\/2026\/04\/WhatsApp-Image-2026-04-29-at-23.36.36.jpeg 1080w\" sizes=\"(max-width: 800px) 100vw, 800px\" \/>\t\t\t\t\t\t\t\t\t\t\t\t\t\t\t<\/div>\n\t\t<div class=\"elementor-element elementor-element-54932df e-con-full e-flex e-con e-child\" data-id=\"54932df\" data-element_type=\"container\" data-e-type=\"container\">\n\t\t<div class=\"elementor-element elementor-element-19878b0 e-con-full e-flex e-con e-child\" data-id=\"19878b0\" data-element_type=\"container\" data-e-type=\"container\">\n\t\t\t\t<div class=\"elementor-element elementor-element-9bfd2ee elementor-widget elementor-widget-heading\" data-id=\"9bfd2ee\" data-element_type=\"widget\" data-e-type=\"widget\" data-widget_type=\"heading.default\">\n\t\t\t\t\t<h2 class=\"elementor-heading-title elementor-size-default\">Le projet <\/h2>\t\t\t\t<\/div>\n\t\t\t\t<div class=\"elementor-element elementor-element-10dfcf3 elementor-widget elementor-widget-text-editor\" data-id=\"10dfcf3\" data-element_type=\"widget\" data-e-type=\"widget\" data-widget_type=\"text-editor.default\">\n\t\t\t\t\t\t\t\t\t<p data-start=\"241\" data-end=\"377\">Ce projet consiste en la r\u00e9alisation d\u2019un film documentaire court, men\u00e9 en \u00e9quipe, portant sur le portrait d\u2019un m\u00e9tier ou d\u2019une passion.<\/p><p data-start=\"379\" data-end=\"785\">De la phase d\u2019\u00e9criture \u00e0 la post-production, nous avons suivi toutes les \u00e9tapes d\u2019une production audiovisuelle compl\u00e8te. Le travail a d\u00e9but\u00e9 par la conception d\u2019un <strong data-start=\"543\" data-end=\"568\">dossier de production<\/strong>, incluant un pitch, une note d\u2019intention, un storyboard, une shotlist ainsi qu\u2019un d\u00e9coupage technique. Cette phase nous a permis de d\u00e9finir un angle narratif, une identit\u00e9 visuelle et une atmosph\u00e8re sonore coh\u00e9rente.<\/p><p data-start=\"787\" data-end=\"1108\">Le tournage a ensuite \u00e9t\u00e9 r\u00e9alis\u00e9 \u00e0 l\u2019aide de mat\u00e9riel professionnel (cam\u00e9ra, son, lumi\u00e8re), en int\u00e9grant diff\u00e9rents types de plans : interviews, plans d\u2019illustration et s\u00e9quences en situation r\u00e9elle. Une attention particuli\u00e8re a \u00e9t\u00e9 port\u00e9e \u00e0 la qualit\u00e9 de l\u2019image, \u00e0 la prise de son ainsi qu\u2019\u00e0 la mise en sc\u00e8ne du sujet.<\/p><p data-start=\"1110\" data-end=\"1361\">Enfin, le projet s\u2019est poursuivi par un <strong data-start=\"1150\" data-end=\"1172\">montage individuel<\/strong>, incluant le d\u00e9rushage, la structuration narrative, l\u2019int\u00e9gration de musiques et d\u2019images d\u2019archives libres de droit, ainsi que la post-production (rythme, transitions, coh\u00e9rence globale).<\/p><p data-start=\"1363\" data-end=\"1546\">Ce projet m\u2019a permis de d\u00e9velopper une approche compl\u00e8te de la <strong data-start=\"1426\" data-end=\"1454\">production audiovisuelle<\/strong>, en combinant \u00e9criture, technique et narration, tout en travaillant efficacement en \u00e9quipe.<\/p>\t\t\t\t\t\t\t\t<\/div>\n\t\t\t\t<\/div>\n\t\t<div class=\"elementor-element elementor-element-0264ff0 e-con-full e-flex e-con e-child\" data-id=\"0264ff0\" data-element_type=\"container\" data-e-type=\"container\">\n\t\t\t\t<div class=\"elementor-element elementor-element-1b8bfe8 elementor-widget elementor-widget-heading\" data-id=\"1b8bfe8\" data-element_type=\"widget\" data-e-type=\"widget\" data-widget_type=\"heading.default\">\n\t\t\t\t\t<h2 class=\"elementor-heading-title elementor-size-default\">Technologies<\/h2>\t\t\t\t<\/div>\n\t\t\t\t<div class=\"elementor-element elementor-element-b2df542 elementor-widget elementor-widget-text-editor\" data-id=\"b2df542\" data-element_type=\"widget\" data-e-type=\"widget\" data-widget_type=\"text-editor.default\">\n\t\t\t\t\t\t\t\t\t<p>Premi\u00e8re Pro \/ After Effects<\/p>\t\t\t\t\t\t\t\t<\/div>\n\t\t\t\t<div class=\"elementor-element elementor-element-bf9e64f elementor-widget elementor-widget-heading\" data-id=\"bf9e64f\" data-element_type=\"widget\" data-e-type=\"widget\" data-widget_type=\"heading.default\">\n\t\t\t\t\t<h2 class=\"elementor-heading-title elementor-size-default\">Mon r\u00f4le<\/h2>\t\t\t\t<\/div>\n\t\t\t\t<div class=\"elementor-element elementor-element-3184325 elementor-widget elementor-widget-text-editor\" data-id=\"3184325\" data-element_type=\"widget\" data-e-type=\"widget\" data-widget_type=\"text-editor.default\">\n\t\t\t\t\t\t\t\t\t<p>Conception, r\u00e9alisation et montage vid\u00e9o complet<\/p>\t\t\t\t\t\t\t\t<\/div>\n\t\t\t\t<\/div>\n\t\t\t\t<\/div>\n\t\t\t\t\t<\/div>\n\t\t\t\t<\/div>\n\t\t<div class=\"elementor-element elementor-element-90b6208 e-flex e-con-boxed e-con e-parent\" data-id=\"90b6208\" data-element_type=\"container\" data-e-type=\"container\">\n\t\t\t\t\t<div class=\"e-con-inner\">\n\t\t\t\t<div class=\"elementor-element elementor-element-bf9323b elementor-widget elementor-widget-video\" data-id=\"bf9323b\" data-element_type=\"widget\" data-e-type=\"widget\" data-settings=\"{&quot;video_type&quot;:&quot;hosted&quot;,&quot;controls&quot;:&quot;yes&quot;}\" data-widget_type=\"video.default\">\n\t\t\t\t\t\t\t<div class=\"e-hosted-video elementor-wrapper elementor-open-inline\">\n\t\t\t\t\t<video class=\"elementor-video\" src=\"https:\/\/amimi-malak.mmigrenoble-dev.fr\/wp-content\/uploads\/2026\/04\/WhatsApp-Video-2026-04-30-at-08.18.37.mp4\" controls=\"\" preload=\"metadata\" controlsList=\"nodownload\"><\/video>\n\t\t\t\t<\/div>\n\t\t\t\t\t\t<\/div>\n\t\t\t\t\t<\/div>\n\t\t\t\t<\/div>\n\t\t\t\t<\/div>\n\t\t","protected":false},"excerpt":{"rendered":"<p>Montage Documentaire Vid\u00e9o \u00b7 Montage \u00b7 Documentaire Le projet Ce projet consiste en la r\u00e9alisation d\u2019un film documentaire court, men\u00e9 en \u00e9quipe, portant sur le portrait d\u2019un m\u00e9tier ou d\u2019une passion. De la phase d\u2019\u00e9criture \u00e0 la post-production, nous avons suivi toutes les \u00e9tapes d\u2019une production audiovisuelle compl\u00e8te. Le travail a d\u00e9but\u00e9 par la conception [&hellip;]<\/p>\n","protected":false},"author":4,"featured_media":0,"parent":0,"menu_order":0,"comment_status":"closed","ping_status":"closed","template":"","meta":{"footnotes":""},"class_list":["post-151","page","type-page","status-publish","hentry"],"_links":{"self":[{"href":"https:\/\/amimi-malak.mmigrenoble-dev.fr\/index.php?rest_route=\/wp\/v2\/pages\/151","targetHints":{"allow":["GET"]}}],"collection":[{"href":"https:\/\/amimi-malak.mmigrenoble-dev.fr\/index.php?rest_route=\/wp\/v2\/pages"}],"about":[{"href":"https:\/\/amimi-malak.mmigrenoble-dev.fr\/index.php?rest_route=\/wp\/v2\/types\/page"}],"author":[{"embeddable":true,"href":"https:\/\/amimi-malak.mmigrenoble-dev.fr\/index.php?rest_route=\/wp\/v2\/users\/4"}],"replies":[{"embeddable":true,"href":"https:\/\/amimi-malak.mmigrenoble-dev.fr\/index.php?rest_route=%2Fwp%2Fv2%2Fcomments&post=151"}],"version-history":[{"count":7,"href":"https:\/\/amimi-malak.mmigrenoble-dev.fr\/index.php?rest_route=\/wp\/v2\/pages\/151\/revisions"}],"predecessor-version":[{"id":276,"href":"https:\/\/amimi-malak.mmigrenoble-dev.fr\/index.php?rest_route=\/wp\/v2\/pages\/151\/revisions\/276"}],"wp:attachment":[{"href":"https:\/\/amimi-malak.mmigrenoble-dev.fr\/index.php?rest_route=%2Fwp%2Fv2%2Fmedia&parent=151"}],"curies":[{"name":"wp","href":"https:\/\/api.w.org\/{rel}","templated":true}]}}

<div data-elementor-type="wp-page" data-elementor-id="151" class="elementor elementor-151">
				<div class="elementor-element elementor-element-81073a1 e-flex e-con-boxed e-con e-parent" data-id="81073a1" data-element_type="container" data-e-type="container">
					<div class="e-con-inner">
				<div class="elementor-element elementor-element-0a12c0c elementor-widget elementor-widget-heading" data-id="0a12c0c" data-element_type="widget" data-e-type="widget" data-widget_type="heading.default">
					<h2 class="elementor-heading-title elementor-size-default">Montage Documentaire</h2>				</div>
				<div class="elementor-element elementor-element-7b70139 elementor-widget elementor-widget-text-editor" data-id="7b70139" data-element_type="widget" data-e-type="widget" data-widget_type="text-editor.default">
									<p>Vidéo · Montage · Documentaire</p>								</div>
				<div class="elementor-element elementor-element-91a5542 elementor-widget elementor-widget-image" data-id="91a5542" data-element_type="widget" data-e-type="widget" data-widget_type="image.default">
															<img fetchpriority="high" decoding="async" width="800" height="450" src="https://amimi-malak.mmigrenoble-dev.fr/wp-content/uploads/2026/04/WhatsApp-Image-2026-04-29-at-23.36.36-1024x576.jpeg" class="attachment-large size-large wp-image-223" alt="" srcset="https://amimi-malak.mmigrenoble-dev.fr/wp-content/uploads/2026/04/WhatsApp-Image-2026-04-29-at-23.36.36-1024x576.jpeg 1024w, https://amimi-malak.mmigrenoble-dev.fr/wp-content/uploads/2026/04/WhatsApp-Image-2026-04-29-at-23.36.36-300x169.jpeg 300w, https://amimi-malak.mmigrenoble-dev.fr/wp-content/uploads/2026/04/WhatsApp-Image-2026-04-29-at-23.36.36-768x432.jpeg 768w, https://amimi-malak.mmigrenoble-dev.fr/wp-content/uploads/2026/04/WhatsApp-Image-2026-04-29-at-23.36.36.jpeg 1080w" sizes="(max-width: 800px) 100vw, 800px" />															</div>
		<div class="elementor-element elementor-element-54932df e-con-full e-flex e-con e-child" data-id="54932df" data-element_type="container" data-e-type="container">
		<div class="elementor-element elementor-element-19878b0 e-con-full e-flex e-con e-child" data-id="19878b0" data-element_type="container" data-e-type="container">
				<div class="elementor-element elementor-element-9bfd2ee elementor-widget elementor-widget-heading" data-id="9bfd2ee" data-element_type="widget" data-e-type="widget" data-widget_type="heading.default">
					<h2 class="elementor-heading-title elementor-size-default">Le projet </h2>				</div>
				<div class="elementor-element elementor-element-10dfcf3 elementor-widget elementor-widget-text-editor" data-id="10dfcf3" data-element_type="widget" data-e-type="widget" data-widget_type="text-editor.default">
									<p data-start="241" data-end="377">Ce projet consiste en la réalisation d’un film documentaire court, mené en équipe, portant sur le portrait d’un métier ou d’une passion.</p><p data-start="379" data-end="785">De la phase d’écriture à la post-production, nous avons suivi toutes les étapes d’une production audiovisuelle complète. Le travail a débuté par la conception d’un <strong data-start="543" data-end="568">dossier de production</strong>, incluant un pitch, une note d’intention, un storyboard, une shotlist ainsi qu’un découpage technique. Cette phase nous a permis de définir un angle narratif, une identité visuelle et une atmosphère sonore cohérente.</p><p data-start="787" data-end="1108">Le tournage a ensuite été réalisé à l’aide de matériel professionnel (caméra, son, lumière), en intégrant différents types de plans : interviews, plans d’illustration et séquences en situation réelle. Une attention particulière a été portée à la qualité de l’image, à la prise de son ainsi qu’à la mise en scène du sujet.</p><p data-start="1110" data-end="1361">Enfin, le projet s’est poursuivi par un <strong data-start="1150" data-end="1172">montage individuel</strong>, incluant le dérushage, la structuration narrative, l’intégration de musiques et d’images d’archives libres de droit, ainsi que la post-production (rythme, transitions, cohérence globale).</p><p data-start="1363" data-end="1546">Ce projet m’a permis de développer une approche complète de la <strong data-start="1426" data-end="1454">production audiovisuelle</strong>, en combinant écriture, technique et narration, tout en travaillant efficacement en équipe.</p>								</div>
				</div>
		<div class="elementor-element elementor-element-0264ff0 e-con-full e-flex e-con e-child" data-id="0264ff0" data-element_type="container" data-e-type="container">
				<div class="elementor-element elementor-element-1b8bfe8 elementor-widget elementor-widget-heading" data-id="1b8bfe8" data-element_type="widget" data-e-type="widget" data-widget_type="heading.default">
					<h2 class="elementor-heading-title elementor-size-default">Technologies</h2>				</div>
				<div class="elementor-element elementor-element-b2df542 elementor-widget elementor-widget-text-editor" data-id="b2df542" data-element_type="widget" data-e-type="widget" data-widget_type="text-editor.default">
									<p>Première Pro / After Effects</p>								</div>
				<div class="elementor-element elementor-element-bf9e64f elementor-widget elementor-widget-heading" data-id="bf9e64f" data-element_type="widget" data-e-type="widget" data-widget_type="heading.default">
					<h2 class="elementor-heading-title elementor-size-default">Mon rôle</h2>				</div>
				<div class="elementor-element elementor-element-3184325 elementor-widget elementor-widget-text-editor" data-id="3184325" data-element_type="widget" data-e-type="widget" data-widget_type="text-editor.default">
									<p>Conception, réalisation et montage vidéo complet</p>								</div>
				</div>
				</div>
					</div>
				</div>
		<div class="elementor-element elementor-element-90b6208 e-flex e-con-boxed e-con e-parent" data-id="90b6208" data-element_type="container" data-e-type="container">
					<div class="e-con-inner">
				<div class="elementor-element elementor-element-bf9323b elementor-widget elementor-widget-video" data-id="bf9323b" data-element_type="widget" data-e-type="widget" data-settings="{&quot;video_type&quot;:&quot;hosted&quot;,&quot;controls&quot;:&quot;yes&quot;}" data-widget_type="video.default">
							<div class="e-hosted-video elementor-wrapper elementor-open-inline">
					<video class="elementor-video" src="https://amimi-malak.mmigrenoble-dev.fr/wp-content/uploads/2026/04/WhatsApp-Video-2026-04-30-at-08.18.37.mp4" controls="" preload="metadata" controlsList="nodownload"></video>
				</div>
						</div>
					</div>
				</div>
				</div>

<p>Montage Documentaire Vidéo · Montage · Documentaire Le projet Ce projet consiste en la réalisation d’un film documentaire court, mené en équipe, portant sur le portrait d’un métier ou d’une passion. De la phase d’écriture à la post-production, nous avons suivi toutes les étapes d’une production audiovisuelle complète. Le travail a débuté par la conception [&hellip;]</p>
