{"id":149,"date":"2026-04-28T15:05:32","date_gmt":"2026-04-28T15:05:32","guid":{"rendered":"https:\/\/amimi-malak.mmigrenoble-dev.fr\/?page_id=149"},"modified":"2026-04-29T21:32:41","modified_gmt":"2026-04-29T21:32:41","slug":"montage-publicitaire","status":"publish","type":"page","link":"https:\/\/amimi-malak.mmigrenoble-dev.fr\/?page_id=149","title":{"rendered":"Montage publicitaire"},"content":{"rendered":"\t\t<div data-elementor-type=\"wp-page\" data-elementor-id=\"149\" class=\"elementor elementor-149\">\n\t\t\t\t<div class=\"elementor-element elementor-element-140b693 e-flex e-con-boxed e-con e-parent\" data-id=\"140b693\" data-element_type=\"container\" data-e-type=\"container\">\n\t\t\t\t\t<div class=\"e-con-inner\">\n\t\t\t\t<div class=\"elementor-element elementor-element-8abc398 elementor-widget elementor-widget-heading\" data-id=\"8abc398\" data-element_type=\"widget\" data-e-type=\"widget\" data-widget_type=\"heading.default\">\n\t\t\t\t\t<h2 class=\"elementor-heading-title elementor-size-default\">Montage Publicitaire<\/h2>\t\t\t\t<\/div>\n\t\t\t\t<div class=\"elementor-element elementor-element-6041397 elementor-widget elementor-widget-text-editor\" data-id=\"6041397\" data-element_type=\"widget\" data-e-type=\"widget\" data-widget_type=\"text-editor.default\">\n\t\t\t\t\t\t\t\t\t<p>Vid\u00e9o \u00b7 Montage \u00b7 Publicit\u00e9<\/p>\t\t\t\t\t\t\t\t<\/div>\n\t\t\t\t<div class=\"elementor-element elementor-element-b620ba2 elementor-widget elementor-widget-image\" data-id=\"b620ba2\" data-element_type=\"widget\" data-e-type=\"widget\" data-widget_type=\"image.default\">\n\t\t\t\t\t\t\t\t\t\t\t\t\t\t\t<img fetchpriority=\"high\" decoding=\"async\" width=\"800\" height=\"451\" src=\"https:\/\/amimi-malak.mmigrenoble-dev.fr\/wp-content\/uploads\/2026\/04\/pub-1024x577.png\" class=\"attachment-large size-large wp-image-129\" alt=\"\" srcset=\"https:\/\/amimi-malak.mmigrenoble-dev.fr\/wp-content\/uploads\/2026\/04\/pub-1024x577.png 1024w, https:\/\/amimi-malak.mmigrenoble-dev.fr\/wp-content\/uploads\/2026\/04\/pub-300x169.png 300w, https:\/\/amimi-malak.mmigrenoble-dev.fr\/wp-content\/uploads\/2026\/04\/pub-768x433.png 768w, https:\/\/amimi-malak.mmigrenoble-dev.fr\/wp-content\/uploads\/2026\/04\/pub-1536x865.png 1536w, https:\/\/amimi-malak.mmigrenoble-dev.fr\/wp-content\/uploads\/2026\/04\/pub.png 1653w\" sizes=\"(max-width: 800px) 100vw, 800px\" \/>\t\t\t\t\t\t\t\t\t\t\t\t\t\t\t<\/div>\n\t\t<div class=\"elementor-element elementor-element-06e7036 e-con-full e-flex e-con e-child\" data-id=\"06e7036\" data-element_type=\"container\" data-e-type=\"container\">\n\t\t<div class=\"elementor-element elementor-element-961aeff e-con-full e-flex e-con e-child\" data-id=\"961aeff\" data-element_type=\"container\" data-e-type=\"container\">\n\t\t\t\t<div class=\"elementor-element elementor-element-f961327 elementor-widget elementor-widget-heading\" data-id=\"f961327\" data-element_type=\"widget\" data-e-type=\"widget\" data-widget_type=\"heading.default\">\n\t\t\t\t\t<h2 class=\"elementor-heading-title elementor-size-default\">Le projet<\/h2>\t\t\t\t<\/div>\n\t\t\t\t<div class=\"elementor-element elementor-element-2db9d8b elementor-widget elementor-widget-text-editor\" data-id=\"2db9d8b\" data-element_type=\"widget\" data-e-type=\"widget\" data-widget_type=\"text-editor.default\">\n\t\t\t\t\t\t\t\t\t<p data-start=\"280\" data-end=\"435\">Ce projet consiste en la reproduction et la r\u00e9alisation d\u2019une publicit\u00e9 audiovisuelle en \u00e9quipe, depuis la phase de pr\u00e9paration jusqu\u2019\u00e0 la post-production.<\/p><p data-start=\"437\" data-end=\"704\">Nous avons travaill\u00e9 en groupe en nous r\u00e9partissant des r\u00f4les techniques pr\u00e9cis (cadreur, ing\u00e9nieur son, perchman, acteurs, scripte, \u00e9lectricien), afin de reproduire fid\u00e8lement une publicit\u00e9 existante tout en respectant les contraintes professionnelles d\u2019un tournage.<\/p><p data-start=\"706\" data-end=\"1046\">En amont du tournage, nous avons effectu\u00e9 un travail de <strong data-start=\"762\" data-end=\"788\">pr\u00e9paration approfondi<\/strong>, incluant le rep\u00e9rage des lieux, la r\u00e9alisation d\u2019un plan au sol, ainsi que l\u2019analyse du script et de la shotlist. Une attention particuli\u00e8re a \u00e9t\u00e9 port\u00e9e \u00e0 l\u2019organisation du plateau et \u00e0 la gestion de la lumi\u00e8re pour garantir une qualit\u00e9 visuelle optimale.<\/p><p data-start=\"1048\" data-end=\"1304\">Lors du tournage, nous avons appliqu\u00e9 des bases fondamentales du cin\u00e9ma telles que la <strong data-start=\"1134\" data-end=\"1152\">r\u00e8gle des 180\u00b0<\/strong>, la gestion du cadrage et de la profondeur de champ (flou d\u2019arri\u00e8re-plan), ainsi que la captation d\u2019un son propre \u00e0 l\u2019aide d\u2019un mat\u00e9riel professionnel.<\/p><p data-start=\"1306\" data-end=\"1487\">Enfin, le projet s\u2019est poursuivi avec une phase de <strong data-start=\"1357\" data-end=\"1400\">montage et post-production individuelle<\/strong>, permettant de valoriser les images tourn\u00e9es et de construire une narration coh\u00e9rente.<\/p><p data-start=\"1489\" data-end=\"1680\">Ce projet m\u2019a permis de d\u00e9velopper des comp\u00e9tences essentielles en <strong data-start=\"1556\" data-end=\"1584\">production audiovisuelle<\/strong>, en travail d\u2019\u00e9quipe, ainsi qu\u2019en compr\u00e9hension des enjeux techniques li\u00e9s \u00e0 l\u2019image et au son.<\/p>\t\t\t\t\t\t\t\t<\/div>\n\t\t\t\t<\/div>\n\t\t<div class=\"elementor-element elementor-element-c32cf96 e-con-full e-flex e-con e-child\" data-id=\"c32cf96\" data-element_type=\"container\" data-e-type=\"container\">\n\t\t\t\t<div class=\"elementor-element elementor-element-b32238f elementor-widget elementor-widget-heading\" data-id=\"b32238f\" data-element_type=\"widget\" data-e-type=\"widget\" data-widget_type=\"heading.default\">\n\t\t\t\t\t<h2 class=\"elementor-heading-title elementor-size-default\">Technologies<\/h2>\t\t\t\t<\/div>\n\t\t\t\t<div class=\"elementor-element elementor-element-5dc8bb1 elementor-widget elementor-widget-text-editor\" data-id=\"5dc8bb1\" data-element_type=\"widget\" data-e-type=\"widget\" data-widget_type=\"text-editor.default\">\n\t\t\t\t\t\t\t\t\t<p>Premi\u00e8re Pro \/ After Effects<\/p>\t\t\t\t\t\t\t\t<\/div>\n\t\t\t\t<div class=\"elementor-element elementor-element-43a4ae3 elementor-widget elementor-widget-heading\" data-id=\"43a4ae3\" data-element_type=\"widget\" data-e-type=\"widget\" data-widget_type=\"heading.default\">\n\t\t\t\t\t<h2 class=\"elementor-heading-title elementor-size-default\">Mon r\u00f4le<\/h2>\t\t\t\t<\/div>\n\t\t\t\t<div class=\"elementor-element elementor-element-8f96cc2 elementor-widget elementor-widget-text-editor\" data-id=\"8f96cc2\" data-element_type=\"widget\" data-e-type=\"widget\" data-widget_type=\"text-editor.default\">\n\t\t\t\t\t\t\t\t\t<p>Conception et montage vid\u00e9o complet<\/p>\t\t\t\t\t\t\t\t<\/div>\n\t\t\t\t<\/div>\n\t\t\t\t<\/div>\n\t\t\t\t\t<\/div>\n\t\t\t\t<\/div>\n\t\t\t\t<\/div>\n\t\t","protected":false},"excerpt":{"rendered":"<p>Montage Publicitaire Vid\u00e9o \u00b7 Montage \u00b7 Publicit\u00e9 Le projet Ce projet consiste en la reproduction et la r\u00e9alisation d\u2019une publicit\u00e9 audiovisuelle en \u00e9quipe, depuis la phase de pr\u00e9paration jusqu\u2019\u00e0 la post-production. Nous avons travaill\u00e9 en groupe en nous r\u00e9partissant des r\u00f4les techniques pr\u00e9cis (cadreur, ing\u00e9nieur son, perchman, acteurs, scripte, \u00e9lectricien), afin de reproduire fid\u00e8lement une [&hellip;]<\/p>\n","protected":false},"author":4,"featured_media":0,"parent":0,"menu_order":0,"comment_status":"closed","ping_status":"closed","template":"","meta":{"footnotes":""},"class_list":["post-149","page","type-page","status-publish","hentry"],"_links":{"self":[{"href":"https:\/\/amimi-malak.mmigrenoble-dev.fr\/index.php?rest_route=\/wp\/v2\/pages\/149","targetHints":{"allow":["GET"]}}],"collection":[{"href":"https:\/\/amimi-malak.mmigrenoble-dev.fr\/index.php?rest_route=\/wp\/v2\/pages"}],"about":[{"href":"https:\/\/amimi-malak.mmigrenoble-dev.fr\/index.php?rest_route=\/wp\/v2\/types\/page"}],"author":[{"embeddable":true,"href":"https:\/\/amimi-malak.mmigrenoble-dev.fr\/index.php?rest_route=\/wp\/v2\/users\/4"}],"replies":[{"embeddable":true,"href":"https:\/\/amimi-malak.mmigrenoble-dev.fr\/index.php?rest_route=%2Fwp%2Fv2%2Fcomments&post=149"}],"version-history":[{"count":4,"href":"https:\/\/amimi-malak.mmigrenoble-dev.fr\/index.php?rest_route=\/wp\/v2\/pages\/149\/revisions"}],"predecessor-version":[{"id":222,"href":"https:\/\/amimi-malak.mmigrenoble-dev.fr\/index.php?rest_route=\/wp\/v2\/pages\/149\/revisions\/222"}],"wp:attachment":[{"href":"https:\/\/amimi-malak.mmigrenoble-dev.fr\/index.php?rest_route=%2Fwp%2Fv2%2Fmedia&parent=149"}],"curies":[{"name":"wp","href":"https:\/\/api.w.org\/{rel}","templated":true}]}}

<div data-elementor-type="wp-page" data-elementor-id="149" class="elementor elementor-149">
				<div class="elementor-element elementor-element-140b693 e-flex e-con-boxed e-con e-parent" data-id="140b693" data-element_type="container" data-e-type="container">
					<div class="e-con-inner">
				<div class="elementor-element elementor-element-8abc398 elementor-widget elementor-widget-heading" data-id="8abc398" data-element_type="widget" data-e-type="widget" data-widget_type="heading.default">
					<h2 class="elementor-heading-title elementor-size-default">Montage Publicitaire</h2>				</div>
				<div class="elementor-element elementor-element-6041397 elementor-widget elementor-widget-text-editor" data-id="6041397" data-element_type="widget" data-e-type="widget" data-widget_type="text-editor.default">
									<p>Vidéo · Montage · Publicité</p>								</div>
				<div class="elementor-element elementor-element-b620ba2 elementor-widget elementor-widget-image" data-id="b620ba2" data-element_type="widget" data-e-type="widget" data-widget_type="image.default">
															<img fetchpriority="high" decoding="async" width="800" height="451" src="https://amimi-malak.mmigrenoble-dev.fr/wp-content/uploads/2026/04/pub-1024x577.png" class="attachment-large size-large wp-image-129" alt="" srcset="https://amimi-malak.mmigrenoble-dev.fr/wp-content/uploads/2026/04/pub-1024x577.png 1024w, https://amimi-malak.mmigrenoble-dev.fr/wp-content/uploads/2026/04/pub-300x169.png 300w, https://amimi-malak.mmigrenoble-dev.fr/wp-content/uploads/2026/04/pub-768x433.png 768w, https://amimi-malak.mmigrenoble-dev.fr/wp-content/uploads/2026/04/pub-1536x865.png 1536w, https://amimi-malak.mmigrenoble-dev.fr/wp-content/uploads/2026/04/pub.png 1653w" sizes="(max-width: 800px) 100vw, 800px" />															</div>
		<div class="elementor-element elementor-element-06e7036 e-con-full e-flex e-con e-child" data-id="06e7036" data-element_type="container" data-e-type="container">
		<div class="elementor-element elementor-element-961aeff e-con-full e-flex e-con e-child" data-id="961aeff" data-element_type="container" data-e-type="container">
				<div class="elementor-element elementor-element-f961327 elementor-widget elementor-widget-heading" data-id="f961327" data-element_type="widget" data-e-type="widget" data-widget_type="heading.default">
					<h2 class="elementor-heading-title elementor-size-default">Le projet</h2>				</div>
				<div class="elementor-element elementor-element-2db9d8b elementor-widget elementor-widget-text-editor" data-id="2db9d8b" data-element_type="widget" data-e-type="widget" data-widget_type="text-editor.default">
									<p data-start="280" data-end="435">Ce projet consiste en la reproduction et la réalisation d’une publicité audiovisuelle en équipe, depuis la phase de préparation jusqu’à la post-production.</p><p data-start="437" data-end="704">Nous avons travaillé en groupe en nous répartissant des rôles techniques précis (cadreur, ingénieur son, perchman, acteurs, scripte, électricien), afin de reproduire fidèlement une publicité existante tout en respectant les contraintes professionnelles d’un tournage.</p><p data-start="706" data-end="1046">En amont du tournage, nous avons effectué un travail de <strong data-start="762" data-end="788">préparation approfondi</strong>, incluant le repérage des lieux, la réalisation d’un plan au sol, ainsi que l’analyse du script et de la shotlist. Une attention particulière a été portée à l’organisation du plateau et à la gestion de la lumière pour garantir une qualité visuelle optimale.</p><p data-start="1048" data-end="1304">Lors du tournage, nous avons appliqué des bases fondamentales du cinéma telles que la <strong data-start="1134" data-end="1152">règle des 180°</strong>, la gestion du cadrage et de la profondeur de champ (flou d’arrière-plan), ainsi que la captation d’un son propre à l’aide d’un matériel professionnel.</p><p data-start="1306" data-end="1487">Enfin, le projet s’est poursuivi avec une phase de <strong data-start="1357" data-end="1400">montage et post-production individuelle</strong>, permettant de valoriser les images tournées et de construire une narration cohérente.</p><p data-start="1489" data-end="1680">Ce projet m’a permis de développer des compétences essentielles en <strong data-start="1556" data-end="1584">production audiovisuelle</strong>, en travail d’équipe, ainsi qu’en compréhension des enjeux techniques liés à l’image et au son.</p>								</div>
				</div>
		<div class="elementor-element elementor-element-c32cf96 e-con-full e-flex e-con e-child" data-id="c32cf96" data-element_type="container" data-e-type="container">
				<div class="elementor-element elementor-element-b32238f elementor-widget elementor-widget-heading" data-id="b32238f" data-element_type="widget" data-e-type="widget" data-widget_type="heading.default">
					<h2 class="elementor-heading-title elementor-size-default">Technologies</h2>				</div>
				<div class="elementor-element elementor-element-5dc8bb1 elementor-widget elementor-widget-text-editor" data-id="5dc8bb1" data-element_type="widget" data-e-type="widget" data-widget_type="text-editor.default">
									<p>Première Pro / After Effects</p>								</div>
				<div class="elementor-element elementor-element-43a4ae3 elementor-widget elementor-widget-heading" data-id="43a4ae3" data-element_type="widget" data-e-type="widget" data-widget_type="heading.default">
					<h2 class="elementor-heading-title elementor-size-default">Mon rôle</h2>				</div>
				<div class="elementor-element elementor-element-8f96cc2 elementor-widget elementor-widget-text-editor" data-id="8f96cc2" data-element_type="widget" data-e-type="widget" data-widget_type="text-editor.default">
									<p>Conception et montage vidéo complet</p>								</div>
				</div>
				</div>
					</div>
				</div>
				</div>

<p>Montage Publicitaire Vidéo · Montage · Publicité Le projet Ce projet consiste en la reproduction et la réalisation d’une publicité audiovisuelle en équipe, depuis la phase de préparation jusqu’à la post-production. Nous avons travaillé en groupe en nous répartissant des rôles techniques précis (cadreur, ingénieur son, perchman, acteurs, scripte, électricien), afin de reproduire fidèlement une [&hellip;]</p>
