{"id":147,"date":"2026-04-28T15:05:09","date_gmt":"2026-04-28T15:05:09","guid":{"rendered":"https:\/\/amimi-malak.mmigrenoble-dev.fr\/?page_id=147"},"modified":"2026-04-30T06:34:43","modified_gmt":"2026-04-30T06:34:43","slug":"wireframe","status":"publish","type":"page","link":"https:\/\/amimi-malak.mmigrenoble-dev.fr\/?page_id=147","title":{"rendered":"Wireframe"},"content":{"rendered":"\t\t<div data-elementor-type=\"wp-page\" data-elementor-id=\"147\" class=\"elementor elementor-147\">\n\t\t\t\t<div class=\"elementor-element elementor-element-a93eee8 e-flex e-con-boxed e-con e-parent\" data-id=\"a93eee8\" data-element_type=\"container\" data-e-type=\"container\">\n\t\t\t\t\t<div class=\"e-con-inner\">\n\t\t\t\t<div class=\"elementor-element elementor-element-b5abe49 elementor-widget elementor-widget-heading\" data-id=\"b5abe49\" data-element_type=\"widget\" data-e-type=\"widget\" data-widget_type=\"heading.default\">\n\t\t\t\t\t<h2 class=\"elementor-heading-title elementor-size-default\">Wireframe <\/h2>\t\t\t\t<\/div>\n\t\t\t\t<div class=\"elementor-element elementor-element-2c3c78e elementor-widget elementor-widget-text-editor\" data-id=\"2c3c78e\" data-element_type=\"widget\" data-e-type=\"widget\" data-widget_type=\"text-editor.default\">\n\t\t\t\t\t\t\t\t\t<p>UX Design \u00b7 Figma<\/p>\t\t\t\t\t\t\t\t<\/div>\n\t\t\t\t<div class=\"elementor-element elementor-element-d733f13 elementor-widget elementor-widget-image\" data-id=\"d733f13\" data-element_type=\"widget\" data-e-type=\"widget\" data-widget_type=\"image.default\">\n\t\t\t\t\t\t\t\t\t\t\t\t\t\t\t<img fetchpriority=\"high\" decoding=\"async\" width=\"800\" height=\"431\" src=\"https:\/\/amimi-malak.mmigrenoble-dev.fr\/wp-content\/uploads\/2026\/04\/Capture-decran-2026-04-28-115212-1024x552.png\" class=\"attachment-large size-large wp-image-115\" alt=\"\" srcset=\"https:\/\/amimi-malak.mmigrenoble-dev.fr\/wp-content\/uploads\/2026\/04\/Capture-decran-2026-04-28-115212-1024x552.png 1024w, https:\/\/amimi-malak.mmigrenoble-dev.fr\/wp-content\/uploads\/2026\/04\/Capture-decran-2026-04-28-115212-300x162.png 300w, https:\/\/amimi-malak.mmigrenoble-dev.fr\/wp-content\/uploads\/2026\/04\/Capture-decran-2026-04-28-115212-768x414.png 768w, https:\/\/amimi-malak.mmigrenoble-dev.fr\/wp-content\/uploads\/2026\/04\/Capture-decran-2026-04-28-115212-1536x828.png 1536w, https:\/\/amimi-malak.mmigrenoble-dev.fr\/wp-content\/uploads\/2026\/04\/Capture-decran-2026-04-28-115212.png 1580w\" sizes=\"(max-width: 800px) 100vw, 800px\" \/>\t\t\t\t\t\t\t\t\t\t\t\t\t\t\t<\/div>\n\t\t<div class=\"elementor-element elementor-element-072fd24 e-con-full e-flex e-con e-child\" data-id=\"072fd24\" data-element_type=\"container\" data-e-type=\"container\">\n\t\t<div class=\"elementor-element elementor-element-396cef3 e-con-full e-flex e-con e-child\" data-id=\"396cef3\" data-element_type=\"container\" data-e-type=\"container\">\n\t\t\t\t<div class=\"elementor-element elementor-element-01d48e3 elementor-widget elementor-widget-heading\" data-id=\"01d48e3\" data-element_type=\"widget\" data-e-type=\"widget\" data-widget_type=\"heading.default\">\n\t\t\t\t\t<h2 class=\"elementor-heading-title elementor-size-default\">Le projet <\/h2>\t\t\t\t<\/div>\n\t\t\t\t<div class=\"elementor-element elementor-element-998f505 elementor-widget elementor-widget-text-editor\" data-id=\"998f505\" data-element_type=\"widget\" data-e-type=\"widget\" data-widget_type=\"text-editor.default\">\n\t\t\t\t\t\t\t\t\t<p data-start=\"355\" data-end=\"552\">Ce projet consiste en la conception et la r\u00e9alisation d\u2019une interface web inspir\u00e9e du site du Louvre, dans le but de travailler la structuration de contenu, l\u2019ergonomie et l\u2019exp\u00e9rience utilisateur.<\/p><p data-start=\"554\" data-end=\"786\">L\u2019objectif principal \u00e9tait de recr\u00e9er une plateforme culturelle mettant en avant des expositions, des \u00e9v\u00e9nements et des informations pratiques, tout en assurant une navigation claire, intuitive et accessible \u00e0 tous les utilisateurs.<\/p><p data-start=\"788\" data-end=\"1169\">Le site propose diff\u00e9rentes sections telles que la page d\u2019accueil avec les actualit\u00e9s (\u201c\u00c0 la une\u201d), la mise en avant d\u2019expositions, ainsi que des rubriques d\u00e9di\u00e9es \u00e0 la pr\u00e9paration de visite (billetterie, horaires, ressources). Une attention particuli\u00e8re a \u00e9t\u00e9 port\u00e9e \u00e0 la hi\u00e9rarchisation de l\u2019information et \u00e0 la lisibilit\u00e9 des contenus, afin d\u2019optimiser l\u2019exp\u00e9rience utilisateur.<\/p><p data-start=\"1171\" data-end=\"1403\">Ce projet m\u2019a permis de d\u00e9velopper mes comp\u00e9tences en <strong data-start=\"1225\" data-end=\"1238\">UX design<\/strong>, notamment dans l\u2019organisation des contenus, la conception de parcours utilisateur, ainsi qu\u2019en <strong data-start=\"1335\" data-end=\"1354\">int\u00e9gration web<\/strong> en respectant une structure claire et coh\u00e9rente.<\/p>\t\t\t\t\t\t\t\t<\/div>\n\t\t\t\t<\/div>\n\t\t<div class=\"elementor-element elementor-element-c39e3d6 e-con-full e-flex e-con e-child\" data-id=\"c39e3d6\" data-element_type=\"container\" data-e-type=\"container\">\n\t\t\t\t<div class=\"elementor-element elementor-element-ca87cdb elementor-widget elementor-widget-heading\" data-id=\"ca87cdb\" data-element_type=\"widget\" data-e-type=\"widget\" data-widget_type=\"heading.default\">\n\t\t\t\t\t<h2 class=\"elementor-heading-title elementor-size-default\">Technologies<\/h2>\t\t\t\t<\/div>\n\t\t\t\t<div class=\"elementor-element elementor-element-3578f53 elementor-widget elementor-widget-text-editor\" data-id=\"3578f53\" data-element_type=\"widget\" data-e-type=\"widget\" data-widget_type=\"text-editor.default\">\n\t\t\t\t\t\t\t\t\t<p>Figma<\/p>\t\t\t\t\t\t\t\t<\/div>\n\t\t\t\t<div class=\"elementor-element elementor-element-bfb9d80 elementor-widget elementor-widget-heading\" data-id=\"bfb9d80\" data-element_type=\"widget\" data-e-type=\"widget\" data-widget_type=\"heading.default\">\n\t\t\t\t\t<h2 class=\"elementor-heading-title elementor-size-default\">Mon r\u00f4le<\/h2>\t\t\t\t<\/div>\n\t\t\t\t<div class=\"elementor-element elementor-element-621cef7 elementor-widget elementor-widget-text-editor\" data-id=\"621cef7\" data-element_type=\"widget\" data-e-type=\"widget\" data-widget_type=\"text-editor.default\">\n\t\t\t\t\t\t\t\t\t<p>Conception UX, cr\u00e9ation des wireframes et prototypes<\/p>\t\t\t\t\t\t\t\t<\/div>\n\t\t\t\t<div class=\"elementor-element elementor-element-0451072 elementor-widget elementor-widget-button\" data-id=\"0451072\" data-element_type=\"widget\" data-e-type=\"widget\" data-widget_type=\"button.default\">\n\t\t\t\t\t\t\t\t\t\t<a class=\"elementor-button elementor-button-link elementor-size-sm\" href=\"\">\n\t\t\t\t\t\t<span class=\"elementor-button-content-wrapper\">\n\t\t\t\t\t\t\t\t\t<span class=\"elementor-button-text\">Voir tout le wireframe<\/span>\n\t\t\t\t\t<\/span>\n\t\t\t\t\t<\/a>\n\t\t\t\t\t\t\t\t<\/div>\n\t\t\t\t<\/div>\n\t\t\t\t<\/div>\n\t\t\t\t\t<\/div>\n\t\t\t\t<\/div>\n\t\t\t\t<\/div>\n\t\t","protected":false},"excerpt":{"rendered":"<p>Wireframe UX Design \u00b7 Figma Le projet Ce projet consiste en la conception et la r\u00e9alisation d\u2019une interface web inspir\u00e9e du site du Louvre, dans le but de travailler la structuration de contenu, l\u2019ergonomie et l\u2019exp\u00e9rience utilisateur. L\u2019objectif principal \u00e9tait de recr\u00e9er une plateforme culturelle mettant en avant des expositions, des \u00e9v\u00e9nements et des informations [&hellip;]<\/p>\n","protected":false},"author":4,"featured_media":0,"parent":0,"menu_order":0,"comment_status":"closed","ping_status":"closed","template":"","meta":{"footnotes":""},"class_list":["post-147","page","type-page","status-publish","hentry"],"_links":{"self":[{"href":"https:\/\/amimi-malak.mmigrenoble-dev.fr\/index.php?rest_route=\/wp\/v2\/pages\/147","targetHints":{"allow":["GET"]}}],"collection":[{"href":"https:\/\/amimi-malak.mmigrenoble-dev.fr\/index.php?rest_route=\/wp\/v2\/pages"}],"about":[{"href":"https:\/\/amimi-malak.mmigrenoble-dev.fr\/index.php?rest_route=\/wp\/v2\/types\/page"}],"author":[{"embeddable":true,"href":"https:\/\/amimi-malak.mmigrenoble-dev.fr\/index.php?rest_route=\/wp\/v2\/users\/4"}],"replies":[{"embeddable":true,"href":"https:\/\/amimi-malak.mmigrenoble-dev.fr\/index.php?rest_route=%2Fwp%2Fv2%2Fcomments&post=147"}],"version-history":[{"count":7,"href":"https:\/\/amimi-malak.mmigrenoble-dev.fr\/index.php?rest_route=\/wp\/v2\/pages\/147\/revisions"}],"predecessor-version":[{"id":283,"href":"https:\/\/amimi-malak.mmigrenoble-dev.fr\/index.php?rest_route=\/wp\/v2\/pages\/147\/revisions\/283"}],"wp:attachment":[{"href":"https:\/\/amimi-malak.mmigrenoble-dev.fr\/index.php?rest_route=%2Fwp%2Fv2%2Fmedia&parent=147"}],"curies":[{"name":"wp","href":"https:\/\/api.w.org\/{rel}","templated":true}]}}