{"id":140,"date":"2026-04-28T15:01:53","date_gmt":"2026-04-28T15:01:53","guid":{"rendered":"https:\/\/amimi-malak.mmigrenoble-dev.fr\/?page_id=140"},"modified":"2026-04-29T20:58:26","modified_gmt":"2026-04-29T20:58:26","slug":"sttelarshop","status":"publish","type":"page","link":"https:\/\/amimi-malak.mmigrenoble-dev.fr\/?page_id=140","title":{"rendered":"Stellarshop"},"content":{"rendered":"\t\t<div data-elementor-type=\"wp-page\" data-elementor-id=\"140\" class=\"elementor elementor-140\">\n\t\t\t\t<div class=\"elementor-element elementor-element-90981b1 e-flex e-con-boxed e-con e-parent\" data-id=\"90981b1\" data-element_type=\"container\" data-e-type=\"container\">\n\t\t\t\t\t<div class=\"e-con-inner\">\n\t\t\t\t<div class=\"elementor-element elementor-element-8390dd5 elementor-widget elementor-widget-heading\" data-id=\"8390dd5\" data-element_type=\"widget\" data-e-type=\"widget\" data-widget_type=\"heading.default\">\n\t\t\t\t\t<h2 class=\"elementor-heading-title elementor-size-default\">StellarShop<\/h2>\t\t\t\t<\/div>\n\t\t\t\t<div class=\"elementor-element elementor-element-112c025 elementor-widget elementor-widget-text-editor\" data-id=\"112c025\" data-element_type=\"widget\" data-e-type=\"widget\" data-widget_type=\"text-editor.default\">\n\t\t\t\t\t\t\t\t\t<p>Site Web \u00b7 HTML \u00b7 CSS \u00b7 PHP \u00b7 JavaScript<\/p>\t\t\t\t\t\t\t\t<\/div>\n\t\t\t\t<div class=\"elementor-element elementor-element-89a4f34 elementor-widget elementor-widget-image\" data-id=\"89a4f34\" data-element_type=\"widget\" data-e-type=\"widget\" data-widget_type=\"image.default\">\n\t\t\t\t\t\t\t\t\t\t\t\t\t\t\t<img fetchpriority=\"high\" decoding=\"async\" width=\"800\" height=\"445\" src=\"https:\/\/amimi-malak.mmigrenoble-dev.fr\/wp-content\/uploads\/2026\/04\/Capture-decran-2026-04-28-114337-1024x569.png\" class=\"attachment-large size-large wp-image-113\" alt=\"\" srcset=\"https:\/\/amimi-malak.mmigrenoble-dev.fr\/wp-content\/uploads\/2026\/04\/Capture-decran-2026-04-28-114337-1024x569.png 1024w, https:\/\/amimi-malak.mmigrenoble-dev.fr\/wp-content\/uploads\/2026\/04\/Capture-decran-2026-04-28-114337-300x167.png 300w, https:\/\/amimi-malak.mmigrenoble-dev.fr\/wp-content\/uploads\/2026\/04\/Capture-decran-2026-04-28-114337-768x427.png 768w, https:\/\/amimi-malak.mmigrenoble-dev.fr\/wp-content\/uploads\/2026\/04\/Capture-decran-2026-04-28-114337-1536x854.png 1536w, https:\/\/amimi-malak.mmigrenoble-dev.fr\/wp-content\/uploads\/2026\/04\/Capture-decran-2026-04-28-114337-2048x1138.png 2048w\" sizes=\"(max-width: 800px) 100vw, 800px\" \/>\t\t\t\t\t\t\t\t\t\t\t\t\t\t\t<\/div>\n\t\t<div class=\"elementor-element elementor-element-391ae46 e-con-full e-flex e-con e-child\" data-id=\"391ae46\" data-element_type=\"container\" data-e-type=\"container\">\n\t\t<div class=\"elementor-element elementor-element-5fc9790 e-con-full e-flex e-con e-child\" data-id=\"5fc9790\" data-element_type=\"container\" data-e-type=\"container\">\n\t\t\t\t<div class=\"elementor-element elementor-element-76b68b6 elementor-widget elementor-widget-heading\" data-id=\"76b68b6\" data-element_type=\"widget\" data-e-type=\"widget\" data-widget_type=\"heading.default\">\n\t\t\t\t\t<h2 class=\"elementor-heading-title elementor-size-default\">Le projet<\/h2>\t\t\t\t<\/div>\n\t\t\t\t<div class=\"elementor-element elementor-element-0563247 elementor-widget elementor-widget-text-editor\" data-id=\"0563247\" data-element_type=\"widget\" data-e-type=\"widget\" data-widget_type=\"text-editor.default\">\n\t\t\t\t\t\t\t\t\t<p data-start=\"146\" data-end=\"430\"><strong data-start=\"146\" data-end=\"161\">StellarShop<\/strong> est un site e-commerce immersif au design cosmique, con\u00e7u et d\u00e9velopp\u00e9 dans le cadre d\u2019un projet acad\u00e9mique en d\u00e9veloppement web. Inspir\u00e9 par l\u2019univers et les \u00e9toiles, ce projet propose une exp\u00e9rience utilisateur intuitive autour de la vente fictive d\u2019objets c\u00e9lestes.<\/p><p data-start=\"432\" data-end=\"716\">D\u00e9velopp\u00e9 avec <strong data-start=\"447\" data-end=\"467\">HTML, CSS et PHP<\/strong>, StellarShop int\u00e8gre plusieurs fonctionnalit\u00e9s dynamiques telles qu\u2019un catalogue de produits aliment\u00e9 par fichier CSV, un syst\u00e8me de tri, une gestion de panier en session ainsi qu\u2019une navigation pens\u00e9e pour offrir une exp\u00e9rience fluide et agr\u00e9able.<\/p><p data-start=\"718\" data-end=\"953\">Ce projet m\u2019a permis de renforcer mes comp\u00e9tences en <strong data-start=\"771\" data-end=\"797\">d\u00e9veloppement back-end<\/strong>, en structuration de donn\u00e9es, ainsi qu\u2019en <strong data-start=\"840\" data-end=\"856\">UX\/UI design<\/strong>, en travaillant particuli\u00e8rement sur l\u2019ergonomie, la coh\u00e9rence visuelle et l\u2019identit\u00e9 graphique.<\/p>\t\t\t\t\t\t\t\t<\/div>\n\t\t\t\t<\/div>\n\t\t<div class=\"elementor-element elementor-element-484d6db e-con-full e-flex e-con e-child\" data-id=\"484d6db\" data-element_type=\"container\" data-e-type=\"container\">\n\t\t\t\t<div class=\"elementor-element elementor-element-7272d90 elementor-widget elementor-widget-heading\" data-id=\"7272d90\" data-element_type=\"widget\" data-e-type=\"widget\" data-widget_type=\"heading.default\">\n\t\t\t\t\t<h2 class=\"elementor-heading-title elementor-size-default\">Technologies <\/h2>\t\t\t\t<\/div>\n\t\t\t\t<div class=\"elementor-element elementor-element-84eaaa6 elementor-widget elementor-widget-text-editor\" data-id=\"84eaaa6\" data-element_type=\"widget\" data-e-type=\"widget\" data-widget_type=\"text-editor.default\">\n\t\t\t\t\t\t\t\t\t<p>HTML5, CSS3, PHP, JavaScript<\/p>\t\t\t\t\t\t\t\t<\/div>\n\t\t\t\t<div class=\"elementor-element elementor-element-c619029 elementor-widget elementor-widget-heading\" data-id=\"c619029\" data-element_type=\"widget\" data-e-type=\"widget\" data-widget_type=\"heading.default\">\n\t\t\t\t\t<h2 class=\"elementor-heading-title elementor-size-default\">Mon r\u00f4le<\/h2>\t\t\t\t<\/div>\n\t\t\t\t<div class=\"elementor-element elementor-element-637ecf2 elementor-widget elementor-widget-text-editor\" data-id=\"637ecf2\" data-element_type=\"widget\" data-e-type=\"widget\" data-widget_type=\"text-editor.default\">\n\t\t\t\t\t\t\t\t\t<p>Conception, design et d\u00e9veloppement complet du site<\/p>\t\t\t\t\t\t\t\t<\/div>\n\t\t\t\t<div class=\"elementor-element elementor-element-a8012da elementor-widget elementor-widget-button\" data-id=\"a8012da\" data-element_type=\"widget\" data-e-type=\"widget\" data-widget_type=\"button.default\">\n\t\t\t\t\t\t\t\t\t\t<a class=\"elementor-button elementor-button-link elementor-size-sm\" href=\"https:\/\/amimim.25.gremmi.fr\/sae105\/\">\n\t\t\t\t\t\t<span class=\"elementor-button-content-wrapper\">\n\t\t\t\t\t\t\t\t\t<span class=\"elementor-button-text\">Voir le site<\/span>\n\t\t\t\t\t<\/span>\n\t\t\t\t\t<\/a>\n\t\t\t\t\t\t\t\t<\/div>\n\t\t\t\t<\/div>\n\t\t\t\t<\/div>\n\t\t\t\t\t<\/div>\n\t\t\t\t<\/div>\n\t\t\t\t<\/div>\n\t\t","protected":false},"excerpt":{"rendered":"<p>StellarShop Site Web \u00b7 HTML \u00b7 CSS \u00b7 PHP \u00b7 JavaScript Le projet StellarShop est un site e-commerce immersif au design cosmique, con\u00e7u et d\u00e9velopp\u00e9 dans le cadre d\u2019un projet acad\u00e9mique en d\u00e9veloppement web. Inspir\u00e9 par l\u2019univers et les \u00e9toiles, ce projet propose une exp\u00e9rience utilisateur intuitive autour de la vente fictive d\u2019objets c\u00e9lestes. D\u00e9velopp\u00e9 [&hellip;]<\/p>\n","protected":false},"author":4,"featured_media":0,"parent":0,"menu_order":0,"comment_status":"closed","ping_status":"closed","template":"","meta":{"footnotes":""},"class_list":["post-140","page","type-page","status-publish","hentry"],"_links":{"self":[{"href":"https:\/\/amimi-malak.mmigrenoble-dev.fr\/index.php?rest_route=\/wp\/v2\/pages\/140","targetHints":{"allow":["GET"]}}],"collection":[{"href":"https:\/\/amimi-malak.mmigrenoble-dev.fr\/index.php?rest_route=\/wp\/v2\/pages"}],"about":[{"href":"https:\/\/amimi-malak.mmigrenoble-dev.fr\/index.php?rest_route=\/wp\/v2\/types\/page"}],"author":[{"embeddable":true,"href":"https:\/\/amimi-malak.mmigrenoble-dev.fr\/index.php?rest_route=\/wp\/v2\/users\/4"}],"replies":[{"embeddable":true,"href":"https:\/\/amimi-malak.mmigrenoble-dev.fr\/index.php?rest_route=%2Fwp%2Fv2%2Fcomments&post=140"}],"version-history":[{"count":11,"href":"https:\/\/amimi-malak.mmigrenoble-dev.fr\/index.php?rest_route=\/wp\/v2\/pages\/140\/revisions"}],"predecessor-version":[{"id":207,"href":"https:\/\/amimi-malak.mmigrenoble-dev.fr\/index.php?rest_route=\/wp\/v2\/pages\/140\/revisions\/207"}],"wp:attachment":[{"href":"https:\/\/amimi-malak.mmigrenoble-dev.fr\/index.php?rest_route=%2Fwp%2Fv2%2Fmedia&parent=140"}],"curies":[{"name":"wp","href":"https:\/\/api.w.org\/{rel}","templated":true}]}}